and c.
5
Let d(f) = 2*f**2 + f - 7. Let k be d(3). Calculate the greatest common divisor of 126 and k.
14
Suppose 4*i = -0*i - 72. Let k be (-6)/(-1 + 4) - i. Suppose 4*u - 74 = -2*f, 2*f + 6 = k. Calculate the highest common divisor of 24 and u.
8
Let u be 2/2 - (-16 - -1). What is the highest common divisor of 80 and u?
16
Suppose 8*r - 56 = -0*r. What is the highest common factor of 28 and r?
7
Suppose -5*b + 136 = r, 3*b + 0*b - 4*r = 100. What is the greatest common divisor of 112 and b?
28
Let g = 16 - 16. Let j = g - -15. What is the highest common divisor of 75 and j?
15
Let y(t) = -2*t**3 - 2*t**2 + 4*t + 3. Let l be y(-3). Let k = -5 - 9. Let r = k + l. What is the highest common factor of r and 26?
13
Suppose 3*c - 51 = -9. Let m(u) = 7*u. Let r be m(4). Calculate the highest common divisor of c and r.
14
Let y be (-18)/(-7)*3024/81. What is the greatest common factor of 240 and y?
48
Let i(j) = 6*j - 4. Let b be i(4). Suppose 81 - b = 4*q - 5*d, 3*q + 5*d = 2. Let c = q - 5. What is the highest common divisor of 44 and c?
4
Suppose 4*k + 56 = x - 2*x, -3*k - x = 43. Let i = k - -27. Calculate the greatest common factor of i and 7.
7
Let i(u) = 4*u**2 - 3*u - 8. Let x be i(4). Calculate the greatest common factor of x and 110.
22
Suppose 5*k - 234 = -9. Let y be (3 - 0 - -7)/2. What is the greatest common factor of y and k?
5
Let v(o) = o**2 - o + 1. Let q be v(4). Let y(z) = -z**3 - 6*z**2 - 10. Let l be y(-7). Calculate the highest common divisor of q and l.
13
Let t(d) = d**3 + 7*d**2 + d + 2. Let n be t(-6). Suppose 3*x + 5 = 17, -3*x - 68 = -c. What is the highest common divisor of n and c?
16
Let s = 58 + -20. What is the greatest common factor of s and 152?
38
Let x = 28 + 20. What is the highest common factor of 36 and x?
12
Let k be 183 - 2*(-4 + 3). What is the highest common factor of 37 and k?
37
Let v be 4 - -47 - 6/2. Calculate the greatest common factor of 6 and v.
6
Suppose 2*o - 34 = -4*k, -5*o + 2*k = -123 - 10. Calculate the highest common divisor of 50 and o.
25
Let b be (-64)/(-28) - (-4)/(-14). Suppose -b*q + 5 = -3. Let n = -38 + 66. Calculate the greatest common divisor of q and n.
4
Let t be 6*(-4 - (-27)/6). What is the highest common divisor of 9 and t?
3
Let y(s) = 2*s**2 + 7*s + 5. Let z be y(-4). Suppose 3*j + v = 51, 3*v + 22 + 23 = 2*j. Suppose -3*l + j = -0*l. What is the highest common divisor of l and z?
3
Suppose -4*v + 42 = -3*v + 3*r, 3*v - 131 = -4*r. Let m = -12 - -21. What is the greatest common factor of m and v?
9
Suppose 4*o - 80 = 32. Let t = o - 19. What is the greatest common factor of 3 and t?
3
Let n(w) = 7*w**2 + 4*w + 4. Let x be n(-3). Suppose -x = -0*q - q. What is the greatest common factor of q and 5?
5
Suppose 2*c + 5 = -5, 2*c + 14 = m. What is the highest common divisor of 4 and m?
4
Let i be ((-40)/(-12))/((-2)/(-3)). Suppose -6 = -t - i. Suppose -24 = -4*k + 2*f, k + 2*f = 6*k - 29. What is the greatest common divisor of t and k?
1
Suppose -m - 5 = -89. Calculate the greatest common factor of 56 and m.
28
Let j(p) = p**2 + 9*p. Let z be j(-15). What is the greatest common factor of z and 18?
18
Let q = -1 - -10. Calculate the greatest common factor of q and 45.
9
Let t = 84 - -13. Let o = t + -1. What is the greatest common divisor of o and 12?
12
Let g = -57 - -113. Calculate the greatest common factor of g and 140.
28
Let r be (-837)/(-62) - (-3)/2. Calculate the highest common divisor of 105 and r.
15
Suppose j = -5*l - 339 + 1050, 0 = 3*l + j - 427. Suppose -2*h + 38 = -l. Calculate the greatest common divisor of 10 and h.
10
Let n be 17/(-14)*-48 + (-4)/14. What is the highest common divisor of n and 145?
29
Let u = 46 - 25. Let t = u + -12. Calculate the greatest common divisor of t and 1.
1
Suppose 10 = 2*a + 2. What is the highest common factor of 12 and a?
4
Let q(c) = -14*c**2 + c. Let y be q(1). Suppose -5*r = 2*z + 45, -60 = 2*z - r + 15. Let g = y - z. Calculate the greatest common factor of 55 and g.
11
Let j(g) = -g**3 + 8*g**2 + 11*g. Let x be j(9). Let t = x + -13. Suppose t*f = 202 + 598. What is the greatest common factor of f and 20?
20
Let d be 2*23 - 1/1. Let h be 3/1 + 12/6. Calculate the greatest common factor of h and d.
5
Let v(p) = -24*p - 3. Let r = 1 - 3. Let c be v(r). Let n be c*(2 - (-12)/(-9)). Calculate the greatest common divisor of 10 and n.
10
Let k = -6 + 34. Let i be k/(-5)*(-325)/26. Calculate the greatest common factor of 10 and i.
10
Suppose 6*j = 3*j + 528. Let g be 40*(-1 - 21/(-15)). What is the greatest common factor of g and j?
16
Let d(u) = u**2 - 5*u + 2. Let p be d(5). Let s(c) = -c + 3. Let j be s(-7). Let k be 7/(3 - j/4). Calculate the greatest common divisor of k and p.
2
Let m be 441/5 - 2/10. Calculate the greatest common factor of m and 11.
11
Let p be 3/(2/4 + 1). Suppose 7*l - 46 = 4*l + p*j, -5*l - 3*j + 64 = 0. Let h be 6 + 2*5/10. Calculate the highest common factor of h and l.
7
Let x = 62 + -188. Let w = x + 186. What is the highest common divisor of w and 15?
15
Let t(q) = 2*q + 10. Let a be t(-7). Let z = a + 6. Suppose -d - z*d = -24. What is the greatest common factor of 24 and d?
8
Let a(f) = -4 + 3*f + 2 - 8. Let d be a(7). Calculate the highest common factor of 55 and d.
11
Suppose 21 - 406 = -5*i. Calculate the highest common divisor of i and 11.
11
Let i be 62*4/32 - 3/4. Calculate the highest common divisor of 28 and i.
7
Suppose 3*k - 3 = -15. Let c = 6 + k. What is the greatest common factor of 8 and c?
2
Let c(s) = 7*s - 12. Let n be c(4). What is the highest common divisor of n and 176?
16
Let m be 12 + (-5 - -1) - 2/1. Calculate the highest common factor of 21 and m.
3
Let s be ((-63)/14)/(2/(-108)). Suppose -2*w = -5*w + s. Calculate the greatest common factor of w and 9.
9
Suppose 2*q - 2*w = 144 + 8, -5*q + 2*w + 392 = 0. Let i(v) = -3*v**3 - 2*v**2 - 3*v - 2. Let r be i(-2). Calculate the highest common factor of r and q.
20
Let b(f) = 17*f**2 + 2. Let y be b(-2). Calculate the greatest common divisor of 14 and y.
14
Let k = -3 - -11. What is the greatest common factor of k and 88?
8
Suppose -5*t = 3*n - 226, -5*n - 120 = -2*t - 42. Let l be 54/(-4)*t/(-6). Suppose s = -2*s + 27. Calculate the greatest common factor of s and l.
9
Suppose 0 + 7 = z. What is the greatest common divisor of z and 7?
7
Suppose -5*b + 197 = 3*k - 19, 3*b = 3*k - 240. Suppose j = -14 + k. What is the greatest common divisor of 7 and j?
7
Let m = -79 + 109. Calculate the greatest common factor of m and 330.
30
Let d(w) = 3*w**2 + 2. Let p be d(4). Calculate the greatest common factor of 25 and p.
25
Let c = 1 - -3. Let i = -64 - -69. Let y be 102/i*30/c. Calculate the greatest common divisor of 17 and y.
17
Suppose 0 = 4*y - 3*o - 448, 4*o - 112 = y - 2*y. Let c be ((-16)/3)/(22/(-66)). Calculate the greatest common factor of c and y.
16
Let x = 16 - -16. What is the highest common factor of 128 and x?
32
Let u(n) = n**3 + 11*n**2 - 12*n + 28. Let o be u(-12). Calculate the greatest common divisor of 224 and o.
28
Suppose -75 = -7*d + 2*d. Calculate the highest common divisor of d and 75.
15
Suppose -4*y - 33 = -5*y. What is the greatest common factor of y and 22?
11
Let t = 43 - 28. What is the highest common factor of 15 and t?
15
Let w(l) = l**2 + 11*l - 18. Let k be w(-13). What is the greatest common divisor of 72 and k?
8
Let d = 55 + -45. Calculate the highest common divisor of 20 and d.
10
Suppose -z = -4*z + 57. Suppose 0 = -5*a + z + 1. Suppose a*t + k = 57 + 1, -8 = -t + 3*k. Calculate the highest common divisor of 70 and t.
14
Suppose -8*w + 36 = -4. What is the highest common divisor of 55 and w?
5
Suppose 6*u = 7*u - 2. Suppose -2*v - 8 = 0, -6*s + 3*s = u*v - 25. What is the greatest common divisor of 55 and s?
11
Suppose -5*t + 256 + 954 = 0. What is the greatest common factor of t and 22?
22
Let z = -2 - -7. Suppose -9 = z*m + 11. Let q be ((-8)/(-2))/((-1)/m). Calculate the greatest common divisor of 8 and q.
8
Suppose 0 = -4*n + 25 + 15. Calculate the greatest common factor of n and 10.
10
Let p = 23 - 8. Calculate the greatest common factor of 120 and p.
15
Suppose p + 5*b - 1 = 0, 5*p - 3 = -3*b + 112. Let d = p + -18. Calculate the greatest common factor of 20 and d.
4
Suppose -i - 10 = i, 